to base 7.
2124
What is -110120200 (base 3) in base 9?
-13520
Convert 1353 (base 6) to base 11.
2a5
Convert 10110000101001 (base 2) to base 7.
44650
200022110 (base 3) to base 12
7886
-2401 (base 6) to base 7
-1453
Convert -114 (base 16) to base 3.
-101020
What is 1aa (base 14) in base 8?
532
Convert 275 (base 10) to base 3.
101012
-24b (base 12) to base 15
-182
Convert -10301 (base 5) to base 10.
-701
Convert 15c (base 16) to base 14.
1ac
-9605 (base 10) to base 9
-14152
228 (base 9) to base 15
c8
-2001 (base 4) to base 15
-89
101230 (base 4) to base 13
691
What is 433512 (base 6) in base 5?
2121303
What is -15d5 (base 15) in base 13?
-21a7
What is -37 (base 10) in base 4?
-211
What is 10111100010 (base 2) in base 3?
2001210
-40225 (base 6) to base 15
-1868
280a (base 15) to base 16
2170
Convert -1099 (base 12) to base 3.
-2112100
Convert 1022022 (base 3) to base 12.
675
What is 12134 (base 8) in base 12?
3024
Convert 51c1 (base 13) to base 3.
120111221
-11001110 (base 2) to base 8
-316
What is 7e5c (base 15) in base 6?
324210
-2414 (base 9) to base 10
-1795
-10021201 (base 3) to base 13
-1123
11809 (base 10) to base 4
2320201
Convert a10 (base 14) to base 9.
2633
Convert 617 (base 10) to base 8.
1151
1a7 (base 13) to base 15
156
-210210 (base 4) to base 14
-bd2
Convert 1011110101 (base 2) to base 8.
1365
-27207 (base 10) to base 13
-c4cb
Convert -377 (base 10) to base 12.
-275
What is 13103 (base 7) in base 15?
1072
Convert -79d (base 14) to base 15.
-6ab
51a (base 11) to base 3
212012
Convert -2051 (base 9) to base 3.
-2001201
What is 22a (base 12) in base 9?
387
Convert 4815 (base 9) to base 7.
13301
What is -2342 (base 6) in base 11?
-475
What is -1102 (base 5) in base 3?
-12122
What is 817 (base 13) in base 2?
10101011100
Convert -342 (base 7) to base 11.
-151
What is 1420111 (base 5) in base 16?
72de
Convert 111110001 (base 2) to base 6.
2145
What is 5342 (base 13) in base 6?
125242
Convert 12751 (base 14) to base 7.
246131
5330 (base 7) to base 10
1883
1864 (base 13) to base 16
e2f
What is -611 (base 10) in base 12?
-42b
What is -10020 (base 3) in base 16?
-57
-24233 (base 9) to base 8
-37546
-3152 (base 7) to base 9
-1468
-4579 (base 13) to base 9
-14314
-312032 (base 4) to base 6
-24022
Convert -10120221 (base 4) to base 6.
-215053
What is -3d5 (base 16) in base 6?
-4313
336 (base 9) to base 2
100010100
4 (base 7) to base 9
4
What is 53126 (base 8) in base 2?
101011001010110
Convert -3c18 (base 13) to base 4.
-2013000
e2 (base 16) to base 4
3202
22e3 (base 16) to base 6
105203
-442 (base 9) to base 5
-2422
652 (base 7) to base 8
513
1cf0 (base 16) to base 5
214113
Convert 22555 (base 6) to base 5.
100424
304 (base 5) to base 3
2221
What is 1620 (base 9) in base 5?
14413
Convert 1026 (base 8) to base 16.
216
-2111120102 (base 3) to base 10
-49259
1100201002 (base 3) to base 12
1359b
ba0 (base 13) to base 14
a21
Convert 18103 (base 10) to base 6.
215451
What is 3030 (base 5) in base 2?
110000110
Convert 2110 (base 3) to base 8.
102
Convert -110020001 (base 3) to base 12.
-51a7
Convert 13014 (base 6) to base 9.
2611
15520 (base 8) to base 15
2112
What is 264 (base 9) in base 12?
164
What is 3222 (base 4) in base 14?
12a
Convert 13de2 (base 15) to base 2.
1111100110001111
Convert -7140 (base 11) to base 16.
-250a
1b2 (base 15) to base 13
242
Convert 8286 (base 14) to base 15.
69c7
-6221 (base 11) to base 10
-8251
34 (base 9) to base 7
43
Convert -aacb (base 14) to base 12.
-1514b
What is 1021 (base 3) in base 11?
31
Convert -5502 (base 6) to base 12.
-892
Convert -2655 (base 11) to base 10.
-3448
Convert 13724 (base 8) to base 4.
1133110
-27b70 (base 12) to base 5
-3231421
2100011 (base 3) to base 15
78a
Convert -1257 (base 9) to base 13.
-577
Convert 1148 (base 15) to base 11.
2835
What is -40616 (base 7) in base 5?
-304121
What is 616 (base 12) in base 15?
3dc
What is 212 (base 5) in base 11?
52
What is 110011000110011 (base 2) in base 6?
321043
What is 20100221 (base 3) in base 14?
1998
What is -501 (base 8) in base 16?
-141
Convert 1965 (base 10) to base 4.
132231
11042 (base 9) to base 4
1302200
What is -19b (base 13) in base 10?
-297
What is -5032 (base 9) in base 11?
-2840
Convert -201322 (base 6) to base 11.
-10a36
Convert 191 (base 14) to base 7.
641
What is 633 (base 13) in base 4?
100200
-104432 (base 7) to base 13
-84b3
-9c4d (base 16) to base 13
-1529c
Convert -64a2 (base 11) to base 13.
-3ba2
3645 (base 14) to base 4
2103331
Convert 66 (base 9) to base 13.
48
332 (base 8) to base 9
262
Convert 124101 (base 5) to base 13.
2300
Convert -1100200122 (base 3) to base 2.
-110100001111011
-1738 (base 11) to base 16
-8ab
What is 10012 (base 5) in base 9?
772
Convert 10001010010 (base 2) to base 15.
4db
1133203 (base 4) to base 8
13743
-12c (base 15) to base 9
-326
46609 (base 10) to base 15
dc24
What is -112 (base 10) in base 14?
-80
-13040 (base 8) to base 5
-140124
-6307 (base 13) to base 12
-7b14
What is -22043 (base 6) in base 9?
-4160
-55007 (base 8) to base 2
-101101000000111
-24127 (base 8) to base 7
-42052
-3102332 (base 4) to base 9
-20462
What is 237b (base 16) in base 3?
110110102
Convert -4211030 (base 5) to base 16.
-10f8b
What is -1365 (base 8) in base 5?
-11012
What is 1010101110101 (base 2) in base 12?
3219
-181 (base 15) to base 8
-532
-839 (base 13) to base 6
-10252
Convert 12d (base 15) to base 7.
532
Convert -200122110 (base 3) to base 11.
-a238
What is -31b (base 13) in base 11?
-443
What is 2245 (base 11) in base 16?
b89
What is -42350 (base 6) in base 15?
-1a89
What is 53 (base 9) in base 8?
60
-1567 (base 11) to base 13
-bb7
22000 (base 3) to base 7
426
3161 (base 13) to base 10
6839
What is -2111102 (base 4) in base 14?
-36a6
Convert 2713 (base 12) to base 13.
2067
-1110101110111100 (base 2) to base 9
-101703
What is 10272 (base 8) in base 6?
31454
Convert -66651 (base 7) to base 12.
-9876
13213 (base 4) to base 6
2131
Convert -302443 (base 5) to base 8.
-23024
-10515 (base 6) to base 14
-783
22b7 (base 13) to base 10
4882
Convert -115032 (base 7) to base 15.
-6316
43b (base 16) to base 3
1111010
What is -2d4 (base 15) in base 6?
-3001
-744 (base 8) to base 11
-400
Convert 261 (base 7) to base 2.
10001101
Convert 100432 (base 6) to base 11.
5a69
12b (base 14) to base 16
eb
300125 (base 6) to base 5
1222011
-b67 (base 14) to base 9
-3066
What is -100010001 (base 2) in base 10?
-273
Convert 1304 (base 10) to base 4.
110120
-1125 (base 6) to base 11
-225
What is -11101211 (base 3) in base 16?
-c88
96 (base 10) to base 13
75
Convert -46311 (base 8) to base 12.
-b461
What is -13487 (base 11) in base 4?
-10230031
What is -288 (base 13) in base 7?
-1212
What is 19617 (base 14) in base 7?
355330
What is -2017 (base 8) in base 2?
-10000001111
Convert 244434 (base 6) to base 9.
32764
What is 46156 (base 8) in base 13?
8ba1
-234533 (base 6) to base 10
-20505
What is -b69 (base 13) in base 6?
-13002
Convert 31 (base 12) to base 15.
27
Convert -4419 (base 10) to base 7.
-15612
What is -130300 (base 4) in base 9?
-2464
Convert 800 (base 10) to base 3.
1002122
16580 (base 9) to base 4
2302110
Convert -299f (base 16) to base 13.
-4b08
Convert 10b (base 12) to base 4.
2123
-145a7 (base 11) to base 15
-61e2
Convert -1701 (base 10) to base 7.
-4650
What is -422 (base 5) in base 11?
-a2
211154 (base 7) to base 12
19112
-1035 (base 7) to base 15
-199
What is -1045 (base 8) in base 6?
-2313
What is -3c52 (base 16) in base 2?
-11110001010010
What is 1100000100100100 (base 2) in base 14?
1403a
b74 (base 15) to base 3
10112201
Convert 9073 (base 10) to base 15.
2a4d
What is 1323 (base 6) in base 4?
11103
What is -1422 (base 8) in base 15?
-376
Convert -20130203 (base 4) to base 6.
-424055
Convert 120210 (base 3) to base 4.
12222
Convert -aa (base 16) to base 6.
-442
What is -110110110111 (base 2) in base 5?
-103021
What is -4132 (base 16) in base 7?
-66442
Convert -6202 (base 8) to base 2.
-110010000010
-12414 (base 5) to base 4
-33120
-5a0 (base 14) to base 2
-10001100000
-1488 (base 12) to base 4
-211220
What is 36 (base 13) in base 2?
101101
Convert 5277 (base 9) to base 12.
22b1
3409 (base 16) to base 5
411241
-140 (base 14) to base 11
-20a
-581 (base 16) to base 9
-1835
Convert 2211212 (base 3) to base 6.
13335
What is 25